| Server IP : 185.125.27.153 / Your IP : 216.73.216.193 Web Server : Apache System : Linux d6e05399ed1f11695f7c56648ed78c66 6.1.0-0.deb11.50-amd64 #1 SMP PREEMPT_DYNAMIC Debian 6.1.176-1~deb11u1 (2026-07-02) x86_64 User : uid174255 ( 174255) PHP Version : 8.3.31 Disable Function : exec,passthru,pcntl_exec,popen,proc_open,shell_exec,system MySQL : OFF | cURL : ON | WGET : ON | Perl : ON | Python : OFF | Sudo : OFF | Pkexec : OFF Directory : /home/clients/d6e05399ed1f11695f7c56648ed78c66/ik-logs/ |
Upload File : |
schwyzer-hebammen.ch
216.73.216.193 - - [22/Jul/2026:00:00:24 +0200] "GET /green/?loknya=%2Fhome%2Fclients%2Fd6e05399ed1f11695f7c56648ed78c66%2Fsites%2Fschwyzer-hebammen.ch%2F404WFG%2F1-demo-env-.txt404 HTTP/1.1" 200 1952 "-" "Mozilla/5.0 AppleWebKit/537.36 (KHTML, like Gecko; compatible; ClaudeBot/1.0; +claudebot@anthropic.com)" schwyzer-hebammen.ch
216.73.216.193 - - [22/Jul/2026:00:00:24 +0200] "GET /f/calculator/calculator00/?loknya=%2Fhome%2Fclients%2Fd6e05399ed1f11695f7c56648ed78c66%2Fsites%2Fschwyzer-hebammen.ch%2F404WFG%2F8-test-env-.txt404 HTTP/1.1" 200 1952 "-" "Mozilla/5.0 AppleWebKit/537.36 (KHTML, like Gecko; compatible; ClaudeBot/1.0; +claudebot@anthropic.com)" schwyzer-hebammen.ch
216.73.216.193 - - [22/Jul/2026:00:00:24 +0200] "GET /486250619?loknya=%2Fhome%2Fclients%2Fd6e05399ed1f11695f7c56648ed78c66%2Fsites%2Fschwyzer-hebammen.ch%2F404WFG%2F8-Joomla-.txt404 HTTP/1.1" 200 1950 "-" "Mozilla/5.0 AppleWebKit/537.36 (KHTML, like Gecko; compatible; ClaudeBot/1.0; +claudebot@anthropic.com)" schwyzer-hebammen.ch
216.73.216.193 - - [22/Jul/2026:00:00:24 +0200] "GET /cancel?lokasie=%2Fhome%2Fclients%2Fd6e05399ed1f11695f7c56648ed78c66%2Fsites%2Fschwyzer-hebammen.ch%2F%2F.resource&loknya=%2Fhome%2Fclients%2Fd6e05399ed1f11695f7c56648ed78c66%2Fsites%2Fschwyzer-hebammen.ch%2F HTTP/1.1" 200 1722 "-" "Mozilla/5.0 AppleWebKit/537.36 (KHTML, like Gecko; compatible; ClaudeBot/1.0; +claudebot@anthropic.com)" schwyzer-hebammen.ch
216.73.216.193 - - [22/Jul/2026:00:00:24 +0200] "GET /maker/4001/?loknya=%2Fhome%2Fclients%2Fd6e05399ed1f11695f7c56648ed78c66%2Fsites%2Fschwyzer-hebammen.ch%2F404WFG%2F19-new-env-.txt404 HTTP/1.1" 200 1953 "-" "Mozilla/5.0 AppleWebKit/537.36 (KHTML, like Gecko; compatible; ClaudeBot/1.0; +claudebot@anthropic.com)" schwyzer-hebammen.ch
74.7.227.54 - - [22/Jul/2026:00:00:24 +0200] "GET /?lokasie=/sys/class/net/eth4/device/net/eth4/subsystem/bgp-pub/subsystem/eth5/subsystem/lo/subsystem/eth1/device/consistent_dma_mask_bits&loknya=/sys/class/net/eth4/device/net/eth4/subsystem/bgp-pub/subsystem/eth5/subsystem/lo/subsystem/eth1/device HTTP/1.1" 200 1728 "https://www.schwyzer-hebammen.ch/?loknya=/sys/class/net/eth4/device/net/eth4/subsystem/bgp-pub/subsystem/eth5/subsystem/lo/subsystem/eth1/device" "Mozilla/5.0 AppleWebKit/537.36 (KHTML, like Gecko; compatible; GPTBot/1.4; +https://openai.com/gptbot)" schwyzer-hebammen.ch
74.7.243.246 - - [22/Jul/2026:00:00:24 +0200] "GET /?loknya=/sys/class/net/eth3/subsystem/eth2/device/net/eth2/subsystem/eth0/device/iommu/device/subsystem/devices/0000:00:14.3 HTTP/1.1" 200 3427 "http://schwyzer-hebammen.ch/?loknya=/sys/class/net/eth3/subsystem/eth2/device/net/eth2/subsystem/eth0/device/iommu/device/subsystem/devices" "Mozilla/5.0 AppleWebKit/537.36 (KHTML, like Gecko; compatible; GPTBot/1.4; +https://openai.com/gptbot)" schwyzer-hebammen.ch
216.73.216.193 - - [22/Jul/2026:00:00:24 +0200] "GET /item/016030146?loknya=%2Fhome%2Fclients%2Fd6e05399ed1f11695f7c56648ed78c66%2Fsites%2Fschwyzer-hebammen.ch%2F404WFG%2F7-old-env-.txt404 HTTP/1.1" 200 1952 "-" "Mozilla/5.0 AppleWebKit/537.36 (KHTML, like Gecko; compatible; ClaudeBot/1.0; +claudebot@anthropic.com)" schwyzer-hebammen.ch
216.73.216.193 - - [22/Jul/2026:00:00:24 +0200] "GET /361498793?loknya=%2Fhome%2Fclients%2Fd6e05399ed1f11695f7c56648ed78c66%2Fsites%2Fschwyzer-hebammen.ch%2F404WFG%2F20-Joomla-.txt404 HTTP/1.1" 200 1951 "-" "Mozilla/5.0 AppleWebKit/537.36 (KHTML, like Gecko; compatible; ClaudeBot/1.0; +claudebot@anthropic.com)" schwyzer-hebammen.ch
216.73.216.193 - - [22/Jul/2026:00:00:24 +0200] "GET /409897950?lokasie=%2Fhome%2Fclients%2Fd6e05399ed1f11695f7c56648ed78c66%2Fik-logs%2Faccess.log&loknya=%2Fhome%2Fclients%2Fd6e05399ed1f11695f7c56648ed78c66%2Fik-logs HTTP/1.1" 200 2582289 "-" "Mozilla/5.0 AppleWebKit/537.36 (KHTML, like Gecko; compatible; ClaudeBot/1.0; +claudebot@anthropic.com)" schwyzer-hebammen.ch
216.73.216.193 - - [22/Jul/2026:00:00:25 +0200] "GET /ol/0/?lokasie=%2Fhome%2Fclients%2Fd6e05399ed1f11695f7c56648ed78c66%2Fsites%2Fschwyzer-hebammen.ch%2F%2Fproduct.php&loknya=%2Fhome%2Fclients%2Fd6e05399ed1f11695f7c56648ed78c66%2Fsites%2Fschwyzer-hebammen.ch%2F HTTP/1.1" 200 2686 "-" "Mozilla/5.0 AppleWebKit/537.36 (KHTML, like Gecko; compatible; ClaudeBot/1.0; +claudebot@anthropic.com)" schwyzer-hebammen.ch
216.73.216.193 - - [22/Jul/2026:00:00:25 +0200] "GET /f/special/chair/?loknya=%2Fhome%2Fclients%2Fd6e05399ed1f11695f7c56648ed78c66%2Fsites%2Fschwyzer-hebammen.ch%2F404WFG%2F7-OpenCart-.txt404 HTTP/1.1" 200 1952 "-" "Mozilla/5.0 AppleWebKit/537.36 (KHTML, like Gecko; compatible; ClaudeBot/1.0; +claudebot@anthropic.com)" schwyzer-hebammen.ch
216.73.216.193 - - [22/Jul/2026:00:00:25 +0200] "GET /ja/themes/87?loknya=%2Fhome%2Fclients%2Fd6e05399ed1f11695f7c56648ed78c66%2Fsites%2Fschwyzer-hebammen.ch%2F404WFG%2F20-Magento-.txt404 HTTP/1.1" 200 1952 "-" "Mozilla/5.0 AppleWebKit/537.36 (KHTML, like Gecko; compatible; ClaudeBot/1.0; +claudebot@anthropic.com)" schwyzer-hebammen.ch
216.73.216.193 - - [22/Jul/2026:00:00:25 +0200] "GET /154611363?lokasie=%2Fhome%2Fclients%2Fd6e05399ed1f11695f7c56648ed78c66%2Fsites%2Fschwyzer-hebammen.ch%2Fteam%2Findex-old.php&loknya=%2Fhome%2Fclients%2Fd6e05399ed1f11695f7c56648ed78c66%2Fsites%2Fschwyzer-hebammen.ch%2Fteam HTTP/1.1" 200 17421 "-" "Mozilla/5.0 AppleWebKit/537.36 (KHTML, like Gecko; compatible; ClaudeBot/1.0; +claudebot@anthropic.com)" schwyzer-hebammen.ch
216.73.216.193 - - [22/Jul/2026:00:00:25 +0200] "GET /odr/coupon/couponListView?loknya=%2Fhome%2Fclients%2Fd6e05399ed1f11695f7c56648ed78c66%2Fsites%2Fschwyzer-hebammen.ch%2F404WFG%2F3-new-env-.txt404 HTTP/1.1" 200 1952 "-" "Mozilla/5.0 AppleWebKit/537.36 (KHTML, like Gecko; compatible; ClaudeBot/1.0; +claudebot@anthropic.com)" schwyzer-hebammen.ch
216.73.216.193 - - [22/Jul/2026:00:00:25 +0200] "GET /f/special/souji/?loknya=%2Fhome%2Fclients%2Fd6e05399ed1f11695f7c56648ed78c66%2Fsites%2Fschwyzer-hebammen.ch%2F404WFG%2F19-Magento-.txt404 HTTP/1.1" 200 1952 "-" "Mozilla/5.0 AppleWebKit/537.36 (KHTML, like Gecko; compatible; ClaudeBot/1.0; +claudebot@anthropic.com)" schwyzer-hebammen.ch
216.73.216.193 - - [22/Jul/2026:00:00:25 +0200] "GET /f/special/stampink/?loknya=%2Fhome%2Fclients%2Fd6e05399ed1f11695f7c56648ed78c66%2Fsites%2Fschwyzer-hebammen.ch%2F404WFG%2F4-old-env-.txt404 HTTP/1.1" 200 1952 "-" "Mozilla/5.0 AppleWebKit/537.36 (KHTML, like Gecko; compatible; ClaudeBot/1.0; +claudebot@anthropic.com)" schwyzer-hebammen.ch
74.7.227.54 - - [22/Jul/2026:00:00:25 +0200] "GET /?loknya=/sys/class/net/eth4/device/net/eth4/subsystem/lo/subsystem/eth2/subsystem/bgp-pub/subsystem/eth0/device/subsystem HTTP/1.1" 200 2489 "https://www.schwyzer-hebammen.ch/?loknya=/sys/class/net/eth4/device/net/eth4/subsystem/lo/subsystem/eth2/subsystem/bgp-pub/subsystem/eth0/device" "Mozilla/5.0 AppleWebKit/537.36 (KHTML, like Gecko; compatible; GPTBot/1.4; +https://openai.com/gptbot)" schwyzer-hebammen.ch
74.7.243.246 - - [22/Jul/2026:00:00:25 +0200] "GET /?loknya=/sys/class/net/eth3/subsystem/eth2/device/net/eth2/subsystem/eth0/device/iommu/device/subsystem/devices/0000:c0:01.2 HTTP/1.1" 200 3886 "http://schwyzer-hebammen.ch/?loknya=/sys/class/net/eth3/subsystem/eth2/device/net/eth2/subsystem/eth0/device/iommu/device/subsystem/devices" "Mozilla/5.0 AppleWebKit/537.36 (KHTML, like Gecko; compatible; GPTBot/1.4; +https://openai.com/gptbot)" schwyzer-hebammen.ch
74.7.227.54 - - [22/Jul/2026:00:00:25 +0200] "GET /?loknya=/sys/class/net/eth4/device/net/eth4/subsystem/bgp-pub/subsystem/eth5/subsystem/lo/subsystem/eth1/device/subsystem HTTP/1.1" 200 2490 "https://www.schwyzer-hebammen.ch/?loknya=/sys/class/net/eth4/device/net/eth4/subsystem/bgp-pub/subsystem/eth5/subsystem/lo/subsystem/eth1/device" "Mozilla/5.0 AppleWebKit/537.36 (KHTML, like Gecko; compatible; GPTBot/1.4; +https://openai.com/gptbot)" schwyzer-hebammen.ch
74.7.243.246 - - [22/Jul/2026:00:00:25 +0200] "GET /?loknya=/sys/class/net/eth3/subsystem/eth2/device/net/eth2/subsystem/eth0/device/iommu/device/subsystem/devices/0000:c1:00.2 HTTP/1.1" 200 3690 "http://schwyzer-hebammen.ch/?loknya=/sys/class/net/eth3/subsystem/eth2/device/net/eth2/subsystem/eth0/device/iommu/device/subsystem/devices" "Mozilla/5.0 AppleWebKit/537.36 (KHTML, like Gecko; compatible; GPTBot/1.4; +https://openai.com/gptbot)" schwyzer-hebammen.ch
216.73.216.193 - - [22/Jul/2026:00:00:25 +0200] "GET /439291138?loknya=%2Fhome%2Fclients%2Fd6e05399ed1f11695f7c56648ed78c66%2Fsites%2Fschwyzer-hebammen.ch%2F404WFG%2F1-Joomla-.txt404 HTTP/1.1" 200 1950 "-" "Mozilla/5.0 AppleWebKit/537.36 (KHTML, like Gecko; compatible; ClaudeBot/1.0; +claudebot@anthropic.com)" schwyzer-hebammen.ch
216.73.216.193 - - [22/Jul/2026:00:00:25 +0200] "GET /167854491?loknya=%2Fhome%2Fclients%2Fd6e05399ed1f11695f7c56648ed78c66%2Fsites%2Fschwyzer-hebammen.ch%2F404WFG%2F6-Joomla-.txt404 HTTP/1.1" 200 1950 "-" "Mozilla/5.0 AppleWebKit/537.36 (KHTML, like Gecko; compatible; ClaudeBot/1.0; +claudebot@anthropic.com)" schwyzer-hebammen.ch
216.73.216.193 - - [22/Jul/2026:00:00:26 +0200] "GET /item/016030254?loknya=%2Fhome%2Fclients%2Fd6e05399ed1f11695f7c56648ed78c66%2Fsites%2Fschwyzer-hebammen.ch%2F404WFG%2F18-env-.txt404 HTTP/1.1" 200 1949 "-" "Mozilla/5.0 AppleWebKit/537.36 (KHTML, like Gecko; compatible; ClaudeBot/1.0; +claudebot@anthropic.com)" schwyzer-hebammen.ch
216.73.216.193 - - [22/Jul/2026:00:00:26 +0200] "GET /f/whiteboard/whiteboard00/?loknya=%2Fhome%2Fclients%2Fd6e05399ed1f11695f7c56648ed78c66%2Fsites%2Fschwyzer-hebammen.ch%2F404WFG%2F20-Joomla-.txt404 HTTP/1.1" 200 1951 "-" "Mozilla/5.0 AppleWebKit/537.36 (KHTML, like Gecko; compatible; ClaudeBot/1.0; +claudebot@anthropic.com)" schwyzer-hebammen.ch
216.73.216.193 - - [22/Jul/2026:00:00:26 +0200] "GET /sf/bigsale/00/0/?lokasie=%2Fhome%2Fclients%2Fd6e05399ed1f11695f7c56648ed78c66%2Ftmp%2Fsess_9c9a6f60e7b450174845255d678f7862&loknya=%2Fhome%2Fclients%2Fd6e05399ed1f11695f7c56648ed78c66%2Ftmp HTTP/1.1" 200 1672 "-" "Mozilla/5.0 AppleWebKit/537.36 (KHTML, like Gecko; compatible; ClaudeBot/1.0; +claudebot@anthropic.com)" schwyzer-hebammen.ch
216.73.216.193 - - [22/Jul/2026:00:00:26 +0200] "GET /ja/themes/87?loknya=%2Fhome%2Fclients%2Fd6e05399ed1f11695f7c56648ed78c66%2Fsites%2Fschwyzer-hebammen.ch%2F404WFG%2F7-WHMCS-my-.txt404 HTTP/1.1" 200 1954 "-" "Mozilla/5.0 AppleWebKit/537.36 (KHTML, like Gecko; compatible; ClaudeBot/1.0; +claudebot@anthropic.com)" schwyzer-hebammen.ch
74.7.227.54 - - [22/Jul/2026:00:00:26 +0200] "GET /?loknya=/sys/class/net/eth4/device/net/eth4/subsystem/lo/subsystem/eth2/subsystem/bgp-pub/subsystem/eth0/device/msi_irqs HTTP/1.1" 200 2268 "https://www.schwyzer-hebammen.ch/?loknya=/sys/class/net/eth4/device/net/eth4/subsystem/lo/subsystem/eth2/subsystem/bgp-pub/subsystem/eth0/device" "Mozilla/5.0 AppleWebKit/537.36 (KHTML, like Gecko; compatible; GPTBot/1.4; +https://openai.com/gptbot)" schwyzer-hebammen.ch
74.7.243.246 - - [22/Jul/2026:00:00:26 +0200] "GET /?loknya=/sys/class/net/eth2/device/net/eth2/bgp-pub/lo/eth5/eth1/ HTTP/1.1" 200 1928 "http://schwyzer-hebammen.ch/?loknya=/sys/class/net/eth2/device/net/eth2/subsystem/bgp-pub/subsystem/lo/subsystem/eth5/subsystem/eth1/subsystem" "Mozilla/5.0 AppleWebKit/537.36 (KHTML, like Gecko; compatible; GPTBot/1.4; +https://openai.com/gptbot)" schwyzer-hebammen.ch
216.73.216.193 - - [22/Jul/2026:00:00:26 +0200] "GET /item/016030096?loknya=%2Fhome%2Fclients%2Fd6e05399ed1f11695f7c56648ed78c66%2Fsites%2Fschwyzer-hebammen.ch%2F404WFG%2F19-Magento-.txt404 HTTP/1.1" 200 1952 "-" "Mozilla/5.0 AppleWebKit/537.36 (KHTML, like Gecko; compatible; ClaudeBot/1.0; +claudebot@anthropic.com)" schwyzer-hebammen.ch
216.73.216.193 - - [22/Jul/2026:00:00:26 +0200] "GET /f/special/adult_diapers/?lokasie=%2Fhome%2Fclients%2Fd6e05399ed1f11695f7c56648ed78c66%2Fsites%2Fschwyzer-hebammen.ch%2Fwp-includes%2Ftheme.json&loknya=%2Fhome%2Fclients%2Fd6e05399ed1f11695f7c56648ed78c66%2Fsites%2Fschwyzer-hebammen.ch%2Fwp-includes HTTP/1.1" 200 4064 "-" "Mozilla/5.0 AppleWebKit/537.36 (KHTML, like Gecko; compatible; ClaudeBot/1.0; +claudebot@anthropic.com)" schwyzer-hebammen.ch
216.73.216.193 - - [22/Jul/2026:00:00:26 +0200] "GET /f/calculator/calculator00/?loknya=%2Fhome%2Fclients%2Fd6e05399ed1f11695f7c56648ed78c66%2Fsites%2Fschwyzer-hebammen.ch%2F404WFG%2F9-test-env-.txt404 HTTP/1.1" 200 1952 "-" "Mozilla/5.0 AppleWebKit/537.36 (KHTML, like Gecko; compatible; ClaudeBot/1.0; +claudebot@anthropic.com)" schwyzer-hebammen.ch
216.73.216.193 - - [22/Jul/2026:00:00:26 +0200] "GET /f/special/souji/?loknya=%2Fhome%2Fclients%2Fd6e05399ed1f11695f7c56648ed78c66%2Fsites%2Fschwyzer-hebammen.ch%2F404WFG%2F16-Magento-.txt404 HTTP/1.1" 200 1952 "-" "Mozilla/5.0 AppleWebKit/537.36 (KHTML, like Gecko; compatible; ClaudeBot/1.0; +claudebot@anthropic.com)" schwyzer-hebammen.ch
216.73.216.193 - - [22/Jul/2026:00:00:26 +0200] "GET /f/thermometer/thermometer00/?lokasie=%2Fhome%2Fclients%2Fd6e05399ed1f11695f7c56648ed78c66%2Fsites%2Fschwyzer-hebammen.ch%2Fteam%2Findex.php&loknya=%2Fhome%2Fclients%2Fd6e05399ed1f11695f7c56648ed78c66%2Fsites%2Fschwyzer-hebammen.ch%2Fteam HTTP/1.1" 200 1930 "-" "Mozilla/5.0 AppleWebKit/537.36 (KHTML, like Gecko; compatible; ClaudeBot/1.0; +claudebot@anthropic.com)" schwyzer-hebammen.ch
216.73.216.193 - - [22/Jul/2026:00:00:26 +0200] "GET /maker/4001/?loknya=%2Fhome%2Fclients%2Fd6e05399ed1f11695f7c56648ed78c66%2Fsites%2Fschwyzer-hebammen.ch%2F404WFG%2F16-new-env-.txt404 HTTP/1.1" 200 1953 "-" "Mozilla/5.0 AppleWebKit/537.36 (KHTML, like Gecko; compatible; ClaudeBot/1.0; +claudebot@anthropic.com)" schwyzer-hebammen.ch
74.7.227.54 - - [22/Jul/2026:00:00:26 +0200] "GET /?loknya=/sys/class/net/eth4/device/net/eth4/subsystem/bgp-pub/subsystem/eth5/subsystem/lo/subsystem/eth1/device/ptp HTTP/1.1" 200 2086 "https://www.schwyzer-hebammen.ch/?loknya=/sys/class/net/eth4/device/net/eth4/subsystem/bgp-pub/subsystem/eth5/subsystem/lo/subsystem/eth1/device" "Mozilla/5.0 AppleWebKit/537.36 (KHTML, like Gecko; compatible; GPTBot/1.4; +https://openai.com/gptbot)" schwyzer-hebammen.ch
74.7.243.246 - - [22/Jul/2026:00:00:26 +0200] "GET /?loknya=/sys/class/net/eth3/device/net/eth3/bgp-pub/eth5/lo/eth0/ HTTP/1.1" 200 1929 "http://schwyzer-hebammen.ch/?loknya=/sys/class/net/eth3/device/net/eth3/subsystem/bgp-pub/subsystem/eth5/subsystem/lo/subsystem/eth0/subsystem" "Mozilla/5.0 AppleWebKit/537.36 (KHTML, like Gecko; compatible; GPTBot/1.4; +https://openai.com/gptbot)" schwyzer-hebammen.ch
74.7.227.54 - - [22/Jul/2026:00:00:27 +0200] "GET /?loknya=/sys/class/net/eth4/device/net/eth4/subsystem/lo/subsystem/eth2/subsystem/bgp-pub/subsystem/eth0/device/ptp HTTP/1.1" 200 2086 "https://www.schwyzer-hebammen.ch/?loknya=/sys/class/net/eth4/device/net/eth4/subsystem/lo/subsystem/eth2/subsystem/bgp-pub/subsystem/eth0/device" "Mozilla/5.0 AppleWebKit/537.36 (KHTML, like Gecko; compatible; GPTBot/1.4; +https://openai.com/gptbot)" schwyzer-hebammen.ch
216.73.216.193 - - [22/Jul/2026:00:00:26 +0200] "GET /72619569?loknya=%2Fhome%2Fclients%2Fd6e05399ed1f11695f7c56648ed78c66%2Fsites%2Fschwyzer-hebammen.ch%2F404WFG%2F4-Joomla-.txt404 HTTP/1.1" 200 1949 "-" "Mozilla/5.0 AppleWebKit/537.36 (KHTML, like Gecko; compatible; ClaudeBot/1.0; +claudebot@anthropic.com)" schwyzer-hebammen.ch
216.73.216.193 - - [22/Jul/2026:00:00:27 +0200] "GET /439291138?loknya=%2Fhome%2Fclients%2Fd6e05399ed1f11695f7c56648ed78c66%2Fsites%2Fschwyzer-hebammen.ch%2F404WFG%2F5-Joomla-.txt404 HTTP/1.1" 200 1950 "-" "Mozilla/5.0 AppleWebKit/537.36 (KHTML, like Gecko; compatible; ClaudeBot/1.0; +claudebot@anthropic.com)" schwyzer-hebammen.ch
216.73.216.193 - - [22/Jul/2026:00:00:27 +0200] "GET /f/special/postit/?loknya=%2Fhome%2Fclients%2Fd6e05399ed1f11695f7c56648ed78c66%2Fsites%2Fschwyzer-hebammen.ch%2F404WFG%2F18-new-env-.txt404 HTTP/1.1" 200 1953 "-" "Mozilla/5.0 AppleWebKit/537.36 (KHTML, like Gecko; compatible; ClaudeBot/1.0; +claudebot@anthropic.com)" schwyzer-hebammen.ch
216.73.216.193 - - [22/Jul/2026:00:00:27 +0200] "GET /item/268013554?loknya=%2Fhome%2Fclients%2Fd6e05399ed1f11695f7c56648ed78c66%2Fsites%2Fschwyzer-hebammen.ch%2F404WFG%2F3-old-env-.txt404 HTTP/1.1" 200 1952 "-" "Mozilla/5.0 AppleWebKit/537.36 (KHTML, like Gecko; compatible; ClaudeBot/1.0; +claudebot@anthropic.com)" schwyzer-hebammen.ch
216.73.216.193 - - [22/Jul/2026:00:00:27 +0200] "GET /f/services/sds/?loknya=%2Fhome%2Fclients%2Fd6e05399ed1f11695f7c56648ed78c66%2Fsites%2Fschwyzer-hebammen.ch%2F404WFG%2F1-demo-env-.txt404 HTTP/1.1" 200 1952 "-" "Mozilla/5.0 AppleWebKit/537.36 (KHTML, like Gecko; compatible; ClaudeBot/1.0; +claudebot@anthropic.com)" schwyzer-hebammen.ch
216.73.216.193 - - [22/Jul/2026:00:00:27 +0200] "GET /item/016030096?loknya=%2Fhome%2Fclients%2Fd6e05399ed1f11695f7c56648ed78c66%2Fsites%2Fschwyzer-hebammen.ch%2F404WFG%2F16-Magento-.txt404 HTTP/1.1" 200 1952 "-" "Mozilla/5.0 AppleWebKit/537.36 (KHTML, like Gecko; compatible; ClaudeBot/1.0; +claudebot@anthropic.com)" schwyzer-hebammen.ch
216.73.216.193 - - [22/Jul/2026:00:00:27 +0200] "GET /f/campaign/mailmagacp/?loknya=%2Fhome%2Fclients%2Fd6e05399ed1f11695f7c56648ed78c66%2Fsites%2Fschwyzer-hebammen.ch%2F404WFG%2F20-env-.txt404 HTTP/1.1" 200 1949 "-" "Mozilla/5.0 AppleWebKit/537.36 (KHTML, like Gecko; compatible; ClaudeBot/1.0; +claudebot@anthropic.com)" schwyzer-hebammen.ch
216.73.216.193 - - [22/Jul/2026:00:00:27 +0200] "GET /green/?loknya=%2Fhome%2Fclients%2Fd6e05399ed1f11695f7c56648ed78c66%2Fsites%2Fschwyzer-hebammen.ch%2F404WFG%2F5-demo-env-.txt404 HTTP/1.1" 200 1952 "-" "Mozilla/5.0 AppleWebKit/537.36 (KHTML, like Gecko; compatible; ClaudeBot/1.0; +claudebot@anthropic.com)" schwyzer-hebammen.ch
216.73.216.193 - - [22/Jul/2026:00:00:27 +0200] "GET /323217950?loknya=%2Fhome%2Fclients%2Fd6e05399ed1f11695f7c56648ed78c66%2Fsites%2Fschwyzer-hebammen.ch%2F404WFG%2F7-new-env-.txt404 HTTP/1.1" 200 1952 "-" "Mozilla/5.0 AppleWebKit/537.36 (KHTML, like Gecko; compatible; ClaudeBot/1.0; +claudebot@anthropic.com)" schwyzer-hebammen.ch
216.73.216.193 - - [22/Jul/2026:00:00:27 +0200] "GET /f/special/postit/?loknya=%2Fhome%2Fclients%2Fd6e05399ed1f11695f7c56648ed78c66%2Fsites%2Fschwyzer-hebammen.ch%2F404WFG%2F12-new-env-.txt404 HTTP/1.1" 200 1953 "-" "Mozilla/5.0 AppleWebKit/537.36 (KHTML, like Gecko; compatible; ClaudeBot/1.0; +claudebot@anthropic.com)" schwyzer-hebammen.ch
216.73.216.193 - - [22/Jul/2026:00:00:27 +0200] "GET /ctg/search/searchByCtgView/?loknya=%2Fhome%2Fclients%2Fd6e05399ed1f11695f7c56648ed78c66%2Fsites%2Fschwyzer-hebammen.ch%2F404WFG%2F1-WHMCS-cp-.txt404 HTTP/1.1" 200 1953 "-" "Mozilla/5.0 AppleWebKit/537.36 (KHTML, like Gecko; compatible; ClaudeBot/1.0; +claudebot@anthropic.com)" schwyzer-hebammen.ch
216.73.216.193 - - [22/Jul/2026:00:00:27 +0200] "GET /f/campaign/mailmagacp/?loknya=%2Fhome%2Fclients%2Fd6e05399ed1f11695f7c56648ed78c66%2Fsites%2Fschwyzer-hebammen.ch%2F404WFG%2F3-old-env-.txt404 HTTP/1.1" 200 1952 "-" "Mozilla/5.0 AppleWebKit/537.36 (KHTML, like Gecko; compatible; ClaudeBot/1.0; +claudebot@anthropic.com)" schwyzer-hebammen.ch
216.73.216.193 - - [22/Jul/2026:00:00:28 +0200] "GET /swp/pointTopView/?lokasie=%2Fhome%2Fclients%2Fd6e05399ed1f11695f7c56648ed78c66%2Fsites%2Fschwyzer-hebammen.ch%2F%2Fqgrvfrtg.php&loknya=%2Fhome%2Fclients%2Fd6e05399ed1f11695f7c56648ed78c66%2Fsites%2Fschwyzer-hebammen.ch%2F HTTP/1.1" 200 13974 "-" "Mozilla/5.0 AppleWebKit/537.36 (KHTML, like Gecko; compatible; ClaudeBot/1.0; +claudebot@anthropic.com)" schwyzer-hebammen.ch
74.7.243.246 - - [22/Jul/2026:00:00:27 +0200] "GET /?loknya=/sys/class/net/eth3/subsystem/eth2/device/net/eth2/subsystem/eth0/device/iommu/device/subsystem/ HTTP/1.1" 200 2476 "http://schwyzer-hebammen.ch/?loknya=/sys/class/net/eth3/subsystem/eth2/device/net/eth2/subsystem/eth0/device/iommu/device/subsystem/devices" "Mozilla/5.0 AppleWebKit/537.36 (KHTML, like Gecko; compatible; GPTBot/1.4; +https://openai.com/gptbot)" schwyzer-hebammen.ch
74.7.227.54 - - [22/Jul/2026:00:00:27 +0200] "GET /?loknya=/sys/class/net/eth4/device/net/eth4/subsystem/lo/subsystem/eth2/subsystem/bgp-pub/subsystem/eth0/device/iommu HTTP/1.1" 200 2351 "https://www.schwyzer-hebammen.ch/?loknya=/sys/class/net/eth4/device/net/eth4/subsystem/lo/subsystem/eth2/subsystem/bgp-pub/subsystem/eth0/device" "Mozilla/5.0 AppleWebKit/537.36 (KHTML, like Gecko; compatible; GPTBot/1.4; +https://openai.com/gptbot)" schwyzer-hebammen.ch
74.7.243.246 - - [22/Jul/2026:00:00:27 +0200] "GET /?loknya=/sys/class/net/eth3/device/net/eth3/eth5/bgp-pub/eth4/lo/ HTTP/1.1" 200 1929 "http://schwyzer-hebammen.ch/?loknya=/sys/class/net/eth3/device/net/eth3/subsystem/eth5/subsystem/bgp-pub/subsystem/eth4/subsystem/lo/subsystem" "Mozilla/5.0 AppleWebKit/537.36 (KHTML, like Gecko; compatible; GPTBot/1.4; +https://openai.com/gptbot)" schwyzer-hebammen.ch
216.73.216.193 - - [22/Jul/2026:00:00:28 +0200] "GET /item/016030254?loknya=%2Fhome%2Fclients%2Fd6e05399ed1f11695f7c56648ed78c66%2Fsites%2Fschwyzer-hebammen.ch%2F404WFG%2F12-env-.txt404 HTTP/1.1" 200 1949 "-" "Mozilla/5.0 AppleWebKit/537.36 (KHTML, like Gecko; compatible; ClaudeBot/1.0; +claudebot@anthropic.com)" schwyzer-hebammen.ch
216.73.216.193 - - [22/Jul/2026:00:00:28 +0200] "GET /guide/hajimete/?loknya=%2Fhome%2Fclients%2Fd6e05399ed1f11695f7c56648ed78c66%2Fsites%2Fschwyzer-hebammen.ch%2F404WFG%2F7-demo-env-.txt404 HTTP/1.1" 200 1952 "-" "Mozilla/5.0 AppleWebKit/537.36 (KHTML, like Gecko; compatible; ClaudeBot/1.0; +claudebot@anthropic.com)" schwyzer-hebammen.ch
5.255.127.166 - - [22/Jul/2026:00:00:28 +0200] "GET /?lokasie=/home/clients/d6e05399ed1f11695f7c56648ed78c66/sites/schwyzer-hebammen.ch/ORVX-bQ2Zig.php&loknya=/home/clients/d6e05399ed1f11695f7c56648ed78c66/sites/schwyzer-hebammen.ch HTTP/1.1" 200 311309 "-" "Mozilla/5.0 (Macintosh; Intel Mac OS X 10_15_7) AppleWebKit/537.36 (KHTML, like Gecko) Chrome/124.0.0.0 Safari/537.36" schwyzer-hebammen.ch
74.7.243.246 - - [22/Jul/2026:00:00:28 +0200] "GET /?loknya=/sys/class/net/eth3/device/net/eth3/subsystem/eth4/subsystem/eth3/device/iommu/device/subsystem/ HTTP/1.1" 200 2472 "http://schwyzer-hebammen.ch/?loknya=/sys/class/net/eth3/device/net/eth3/subsystem/eth4/subsystem/eth3/device/iommu/device/subsystem/drivers" "Mozilla/5.0 AppleWebKit/537.36 (KHTML, like Gecko; compatible; GPTBot/1.4; +https://openai.com/gptbot)" schwyzer-hebammen.ch
74.7.227.54 - - [22/Jul/2026:00:00:28 +0200] "GET /?loknya=/sys/class/net/eth4/device/net/eth4/subsystem/lo/subsystem/eth2/subsystem/bgp-pub/subsystem/eth0/device/net HTTP/1.1" 200 2106 "https://www.schwyzer-hebammen.ch/?loknya=/sys/class/net/eth4/device/net/eth4/subsystem/lo/subsystem/eth2/subsystem/bgp-pub/subsystem/eth0/device" "Mozilla/5.0 AppleWebKit/537.36 (KHTML, like Gecko; compatible; GPTBot/1.4; +https://openai.com/gptbot)" schwyzer-hebammen.ch
216.73.216.193 - - [22/Jul/2026:00:00:28 +0200] "GET /f/partition/partition00/?loknya=%2Fhome%2Fclients%2Fd6e05399ed1f11695f7c56648ed78c66%2Fsites%2Fschwyzer-hebammen.ch%2F404WFG%2F14-new-env-.txt404 HTTP/1.1" 200 1953 "-" "Mozilla/5.0 AppleWebKit/537.36 (KHTML, like Gecko; compatible; ClaudeBot/1.0; +claudebot@anthropic.com)" schwyzer-hebammen.ch
74.7.227.54 - - [22/Jul/2026:00:00:28 +0200] "GET /?lokasie=/sys/class/net/eth4/device/net/eth4/subsystem/eth5/subsystem/bgp-pub/subsystem/eth1/device/iommu/device//enable&loknya=/sys/class/net/eth4/device/net/eth4/subsystem/eth5/subsystem/bgp-pub/subsystem/eth1/device/iommu/device/ HTTP/1.1" 200 1718 "https://www.schwyzer-hebammen.ch/?loknya=/sys/class/net/eth4/device/net/eth4/subsystem/eth5/subsystem/bgp-pub/subsystem/eth1/device/iommu/device/" "Mozilla/5.0 AppleWebKit/537.36 (KHTML, like Gecko; compatible; GPTBot/1.4; +https://openai.com/gptbot)" schwyzer-hebammen.ch
216.73.216.193 - - [22/Jul/2026:00:00:28 +0200] "GET /guide/hajimete/?loknya=%2Fhome%2Fclients%2Fd6e05399ed1f11695f7c56648ed78c66%2Fsites%2Fschwyzer-hebammen.ch%2F404WFG%2F18-Joomla-.txt404 HTTP/1.1" 200 1951 "-" "Mozilla/5.0 AppleWebKit/537.36 (KHTML, like Gecko; compatible; ClaudeBot/1.0; +claudebot@anthropic.com)" schwyzer-hebammen.ch
216.73.216.193 - - [22/Jul/2026:00:00:28 +0200] "GET /lksearch/?loknya=%2Fhome%2Fclients%2Fd6e05399ed1f11695f7c56648ed78c66%2Fsites%2Fschwyzer-hebammen.ch%2F404WFG%2F8-new-env-.txt404 HTTP/1.1" 200 1952 "-" "Mozilla/5.0 AppleWebKit/537.36 (KHTML, like Gecko; compatible; ClaudeBot/1.0; +claudebot@anthropic.com)" schwyzer-hebammen.ch
216.73.216.193 - - [22/Jul/2026:00:00:28 +0200] "GET /shigotoba?loknya=%2Fhome%2Fclients%2Fd6e05399ed1f11695f7c56648ed78c66%2Fsites%2Fschwyzer-hebammen.ch%2F404WFG%2F7-old-env-.txt404 HTTP/1.1" 200 1952 "-" "Mozilla/5.0 AppleWebKit/537.36 (KHTML, like Gecko; compatible; ClaudeBot/1.0; +claudebot@anthropic.com)" schwyzer-hebammen.ch
216.73.216.193 - - [22/Jul/2026:00:00:28 +0200] "GET /f/timecard/timecard00/?lokasie=%2Fhome%2Fclients%2Fd6e05399ed1f11695f7c56648ed78c66%2Ftmp%2Fsess_8ac44055f63f754d5908462e033ab810&loknya=%2Fhome%2Fclients%2Fd6e05399ed1f11695f7c56648ed78c66%2Ftmp HTTP/1.1" 200 1731 "-" "Mozilla/5.0 AppleWebKit/537.36 (KHTML, like Gecko; compatible; ClaudeBot/1.0; +claudebot@anthropic.com)" schwyzer-hebammen.ch
216.73.216.193 - - [22/Jul/2026:00:00:28 +0200] "GET /shop/stable/innocent083017992.shtml?lokasie=%2Fhome%2Fclients%2Fd6e05399ed1f11695f7c56648ed78c66%2Ftmp%2Fsess_4c2b2902789c774c98b076a0062063df&loknya=%2Fhome%2Fclients%2Fd6e05399ed1f11695f7c56648ed78c66%2Ftmp HTTP/1.1" 200 1709 "-" "Mozilla/5.0 AppleWebKit/537.36 (KHTML, like Gecko; compatible; ClaudeBot/1.0; +claudebot@anthropic.com)" schwyzer-hebammen.ch
216.73.216.193 - - [22/Jul/2026:00:00:28 +0200] "GET /iqr/inquiryInputView/?lokasie=%2Fhome%2Fclients%2Fd6e05399ed1f11695f7c56648ed78c66%2Fsites%2Fschwyzer-hebammen.ch%2Fwp-admin%2Fimages%2Fmenu.png&loknya=%2Fhome%2Fclients%2Fd6e05399ed1f11695f7c56648ed78c66%2Fsites%2Fschwyzer-hebammen.ch%2Fwp-admin%2Fimages HTTP/1.1" 200 6168 "-" "Mozilla/5.0 AppleWebKit/537.36 (KHTML, like Gecko; compatible; ClaudeBot/1.0; +claudebot@anthropic.com)" schwyzer-hebammen.ch
74.7.243.246 - - [22/Jul/2026:00:00:28 +0200] "GET /?loknya=/sys/class/net/eth2/device/net/eth2/eth0/bgp-pub/eth2/device/ HTTP/1.1" 200 1923 "http://schwyzer-hebammen.ch/?loknya=/sys/class/net/eth2/device/net/eth2/subsystem/eth0/subsystem/bgp-pub/subsystem/eth2/device/subsystem" "Mozilla/5.0 AppleWebKit/537.36 (KHTML, like Gecko; compatible; GPTBot/1.4; +https://openai.com/gptbot)" schwyzer-hebammen.ch
216.73.216.193 - - [22/Jul/2026:00:00:28 +0200] "GET /165785991?loknya=%2Fhome%2Fclients%2Fd6e05399ed1f11695f7c56648ed78c66%2Fsites%2Fschwyzer-hebammen.ch%2F404WFG%2F2-new-env-.txt404 HTTP/1.1" 200 1952 "-" "Mozilla/5.0 AppleWebKit/537.36 (KHTML, like Gecko; compatible; ClaudeBot/1.0; +claudebot@anthropic.com)" schwyzer-hebammen.ch
216.73.216.193 - - [22/Jul/2026:00:00:29 +0200] "GET /etc/drugRules.html?lokasie=%2Fhome%2Fclients%2Fd6e05399ed1f11695f7c56648ed78c66%2Fik-logs%2Faccess.log-20260704.gz&loknya=%2Fhome%2Fclients%2Fd6e05399ed1f11695f7c56648ed78c66%2Fik-logs HTTP/1.1" 200 94774 "-" "Mozilla/5.0 AppleWebKit/537.36 (KHTML, like Gecko; compatible; ClaudeBot/1.0; +claudebot@anthropic.com)" schwyzer-hebammen.ch
216.73.216.193 - - [22/Jul/2026:00:00:29 +0200] "GET /486250619?loknya=%2Fhome%2Fclients%2Fd6e05399ed1f11695f7c56648ed78c66%2Fsites%2Fschwyzer-hebammen.ch%2F404WFG%2F9-Joomla-.txt404 HTTP/1.1" 200 1950 "-" "Mozilla/5.0 AppleWebKit/537.36 (KHTML, like Gecko; compatible; ClaudeBot/1.0; +claudebot@anthropic.com)" schwyzer-hebammen.ch
216.73.216.193 - - [22/Jul/2026:00:00:29 +0200] "GET /289063666?loknya=%2Fhome%2Fclients%2Fd6e05399ed1f11695f7c56648ed78c66%2Fsites%2Fschwyzer-hebammen.ch%2F404WFG%2F8-Joomla-.txt404 HTTP/1.1" 200 1950 "-" "Mozilla/5.0 AppleWebKit/537.36 (KHTML, like Gecko; compatible; ClaudeBot/1.0; +claudebot@anthropic.com)" schwyzer-hebammen.ch
74.7.227.54 - - [22/Jul/2026:00:00:29 +0200] "GET /?loknya=/sys/class/net/eth4/device/net/eth4/subsystem/lo/subsystem/eth2/subsystem/bgp-pub/subsystem/eth0/device/power HTTP/1.1" 200 2735 "https://www.schwyzer-hebammen.ch/?loknya=/sys/class/net/eth4/device/net/eth4/subsystem/lo/subsystem/eth2/subsystem/bgp-pub/subsystem/eth0/device" "Mozilla/5.0 AppleWebKit/537.36 (KHTML, like Gecko; compatible; GPTBot/1.4; +https://openai.com/gptbot)" schwyzer-hebammen.ch
216.73.216.193 - - [22/Jul/2026:00:00:29 +0200] "GET /82568857?loknya=%2Fhome%2Fclients%2Fd6e05399ed1f11695f7c56648ed78c66%2Fsites%2Fschwyzer-hebammen.ch%2F404WFG%2F3-Joomla-.txt404 HTTP/1.1" 200 1950 "-" "Mozilla/5.0 AppleWebKit/537.36 (KHTML, like Gecko; compatible; ClaudeBot/1.0; +claudebot@anthropic.com)" schwyzer-hebammen.ch
216.73.216.193 - - [22/Jul/2026:00:00:29 +0200] "GET /buyer/view/a010/DAA01010.html?lokasie=%2Fhome%2Fclients%2Fd6e05399ed1f11695f7c56648ed78c66%2Fsites%2Fschwyzer-hebammen.ch%2Fteam%2Findex.php&loknya=%2Fhome%2Fclients%2Fd6e05399ed1f11695f7c56648ed78c66%2Fsites%2Fschwyzer-hebammen.ch%2Fteam HTTP/1.1" 200 1930 "-" "Mozilla/5.0 AppleWebKit/537.36 (KHTML, like Gecko; compatible; ClaudeBot/1.0; +claudebot@anthropic.com)" schwyzer-hebammen.ch
74.7.243.246 - - [22/Jul/2026:00:00:29 +0200] "GET /?loknya=/sys/class/net/eth2/device/net/eth2/eth5/lo/bgp-pub/eth1/ HTTP/1.1" 200 1929 "http://schwyzer-hebammen.ch/?loknya=/sys/class/net/eth2/device/net/eth2/subsystem/eth5/subsystem/lo/subsystem/bgp-pub/subsystem/eth1/subsystem" "Mozilla/5.0 AppleWebKit/537.36 (KHTML, like Gecko; compatible; GPTBot/1.4; +https://openai.com/gptbot)" schwyzer-hebammen.ch
216.73.216.193 - - [22/Jul/2026:00:00:29 +0200] "GET /odr/order/shoppingCartView/?loknya=%2Fhome%2Fclients%2Fd6e05399ed1f11695f7c56648ed78c66%2Fsites%2Fschwyzer-hebammen.ch%2F404WFG%2F1-Joomla-.txt404 HTTP/1.1" 200 1950 "-" "Mozilla/5.0 AppleWebKit/537.36 (KHTML, like Gecko; compatible; ClaudeBot/1.0; +claudebot@anthropic.com)" schwyzer-hebammen.ch
216.73.216.193 - - [22/Jul/2026:00:00:29 +0200] "GET /289063666?lokasie=%2Fhome%2Fclients%2Fd6e05399ed1f11695f7c56648ed78c66%2Fsites%2Fschwyzer-hebammen.ch%2Fteam%2Findex-old.php&loknya=%2Fhome%2Fclients%2Fd6e05399ed1f11695f7c56648ed78c66%2Fsites%2Fschwyzer-hebammen.ch%2Fteam HTTP/1.1" 200 17421 "-" "Mozilla/5.0 AppleWebKit/537.36 (KHTML, like Gecko; compatible; ClaudeBot/1.0; +claudebot@anthropic.com)" schwyzer-hebammen.ch
216.73.216.193 - - [22/Jul/2026:00:00:29 +0200] "GET /f/sitemap/index.html?lokasie=%2Fhome%2Fclients%2Fd6e05399ed1f11695f7c56648ed78c66%2Fik-logs%2Faccess.log-20260622.gz&loknya=%2Fhome%2Fclients%2Fd6e05399ed1f11695f7c56648ed78c66%2Fik-logs HTTP/1.1" 200 56465 "-" "Mozilla/5.0 AppleWebKit/537.36 (KHTML, like Gecko; compatible; ClaudeBot/1.0; +claudebot@anthropic.com)" schwyzer-hebammen.ch
216.73.216.193 - - [22/Jul/2026:00:00:29 +0200] "GET /f/special/stampink/?loknya=%2Fhome%2Fclients%2Fd6e05399ed1f11695f7c56648ed78c66%2Fsites%2Fschwyzer-hebammen.ch%2F404WFG%2F7-old-env-.txt404 HTTP/1.1" 200 1952 "-" "Mozilla/5.0 AppleWebKit/537.36 (KHTML, like Gecko; compatible; ClaudeBot/1.0; +claudebot@anthropic.com)" schwyzer-hebammen.ch
216.73.216.193 - - [22/Jul/2026:00:00:29 +0200] "GET /f/special/mask/?loknya=%2Fhome%2Fclients%2Fd6e05399ed1f11695f7c56648ed78c66%2Fsites%2Fschwyzer-hebammen.ch%2F404WFG%2F1-old-env-.txt404 HTTP/1.1" 200 1952 "-" "Mozilla/5.0 AppleWebKit/537.36 (KHTML, like Gecko; compatible; ClaudeBot/1.0; +claudebot@anthropic.com)" schwyzer-hebammen.ch
74.7.243.246 - - [22/Jul/2026:00:00:29 +0200] "GET /?loknya=/sys/class/net/eth2/device/net/eth2/subsystem/eth5/subsystem/lo/subsystem/bgp-pub/subsystem/eth4/subsystem/lo/ HTTP/1.1" 200 3426 "http://schwyzer-hebammen.ch/?loknya=/sys/class/net/eth2/device/net/eth2/subsystem/eth5/subsystem/lo/subsystem/bgp-pub/subsystem/eth4/subsystem/lo/queues" "Mozilla/5.0 AppleWebKit/537.36 (KHTML, like Gecko; compatible; GPTBot/1.4; +https://openai.com/gptbot)" schwyzer-hebammen.ch
216.73.216.193 - - [22/Jul/2026:00:00:30 +0200] "GET /odr/coupon/couponListView?loknya=%2Fhome%2Fclients%2Fd6e05399ed1f11695f7c56648ed78c66%2Fsites%2Fschwyzer-hebammen.ch%2F404WFG%2F4-new-env-.txt404 HTTP/1.1" 200 1952 "-" "Mozilla/5.0 AppleWebKit/537.36 (KHTML, like Gecko; compatible; ClaudeBot/1.0; +claudebot@anthropic.com)" schwyzer-hebammen.ch
216.73.216.193 - - [22/Jul/2026:00:00:30 +0200] "GET /tpc/mycatalog/myCatalogListView/?lokasie=%2Fhome%2Fclients%2Fd6e05399ed1f11695f7c56648ed78c66%2Fsites%2Fschwyzer-hebammen.ch%2Fteam%2Findex.php&loknya=%2Fhome%2Fclients%2Fd6e05399ed1f11695f7c56648ed78c66%2Fsites%2Fschwyzer-hebammen.ch%2Fteam HTTP/1.1" 200 1930 "-" "Mozilla/5.0 AppleWebKit/537.36 (KHTML, like Gecko; compatible; ClaudeBot/1.0; +claudebot@anthropic.com)" schwyzer-hebammen.ch
74.7.227.54 - - [22/Jul/2026:00:00:29 +0200] "GET /?loknya=/sys/class/net/eth4/device/net/eth4/subsystem/bgp-pub/subsystem/eth5/subsystem/lo/subsystem/eth1/device/wakeup HTTP/1.1" 200 2093 "https://www.schwyzer-hebammen.ch/?loknya=/sys/class/net/eth4/device/net/eth4/subsystem/bgp-pub/subsystem/eth5/subsystem/lo/subsystem/eth1/device" "Mozilla/5.0 AppleWebKit/537.36 (KHTML, like Gecko; compatible; GPTBot/1.4; +https://openai.com/gptbot)" schwyzer-hebammen.ch
216.73.216.193 - - [22/Jul/2026:00:00:29 +0200] "GET /item/016030074?loknya=%2Fhome%2Fclients%2Fd6e05399ed1f11695f7c56648ed78c66%2Fsites%2Fschwyzer-hebammen.ch%2F404WFG%2F6-Magento-.txt404 HTTP/1.1" 200 1951 "-" "Mozilla/5.0 AppleWebKit/537.36 (KHTML, like Gecko; compatible; ClaudeBot/1.0; +claudebot@anthropic.com)"